Suppose -8*q = -7*q + n. Let o = q - -75. List the prime factors of o.
41
What are the prime factors of 1340/(-6)*(-21840)/140?
2, 5, 13, 67
Let w(h) = -12*h - 26. Let i(n) = -1. Let x(t) = -2*i(t) + w(t). Let d be x(-7). List the prime factors of ((-54)/(-4))/(10/d).
3
Let p be (-12)/3 - (-1 - 1 - 5). Suppose d + r = p, -3*r = -d + r + 3. Suppose -n = d*o - 57, 211 = 3*n - 3*o + 40. List the prime factors of n.
3, 19
Suppose 2646925 = -672*l + 911*l. What are the prime factors of l?
5, 443
Let y be 0 - (-2 + 30/5). Let b be 0 + (y - 4/(-2)). List the prime factors of 4/2 - (-82 + b + 0).
2, 43
Suppose 1920*h + 14508 = 1946*h. List the prime factors of h.
2, 3, 31
Suppose 0 = 3*g - 47 + 62, 3*g = p - 15440. What are the prime factors of p?
5, 617
Let n be -3 + 12/3 - -2. Suppose -g = -2*y, -3*g + 0*y + 3*y = -n. List the prime factors of ((-3)/g)/(9/(-132)).
2, 11
Let k be -5 - (-63)/7 - 1. Let f(b) = 24*b**2 + 7*b - 11. List the prime factors of f(k).
2, 113
Suppose -91*h + 93*h = -5*z + 35146, -h - 28109 = -4*z. What are the prime factors of z?
2, 7, 251
Let d = -20060 + 23652. What are the prime factors of d?
2, 449
Let i(x) = -3*x**2 + 58*x - 18. Let k be i(18). What are the prime factors of (409/2*1)/(k/108)?
409
Suppose -23*p - 1480 = -25*p. What are the prime factors of (0 + p)/1 - 1?
739
Let h = -333 + 272. Let v = h + 296. What are the prime factors of v?
5, 47
Let u be (2/(-1))/((-3)/(29010/20)). Suppose -2*z = 3*q + 764 - 2676, u = z - 4*q. List the prime factors of z.
7, 137
Let t(q) = 2*q + 63. Let c(o) be the second derivative of -o**3/3 - o**2 + 23*o. Let m be c(-1). List the prime factors of t(m).
3, 7
Suppose 0 = 3*v + p - 6, -3*v + 2*p = 3 - 0. Suppose 5*i - 160 = -0*i. Suppose 5*x - 3*u + 7*u + v = 0, 5*u = 4*x - i. What are the prime factors of x?
3
Suppose -22*s - 24*s + 32076 = -34*s. What are the prime factors of s?
3, 11
Let p(l) = 24769*l**2 + 299*l + 298. List the prime factors of p(-1).
2, 3, 43
Let y(n) = -2*n**2 - 11*n - 9. Let m be y(-4). What are the prime factors of 2/m + ((-210800)/(-12))/20?
3, 293
Let n = -12 + 17. Suppose n*b - 26 + 6 = 5*j, 3*j = b - 6. Suppose -w - 4*w - b*c = -1186, 2*c = -3*w + 712. List the prime factors of w.
2, 59
What are the prime factors of -1 + 22452 + -1 + 2 - (313 + -310)?
3, 7, 1069
Suppose 115*z - 113*z + 5286 = 0. Let f = -1803 - z. What are the prime factors of f?
2, 3, 5, 7
Let b = 98 + -174. Let h = b - -328. Let r = h + -169. List the prime factors of r.
83
Suppose 4*w + 5 = 3*w. What are the prime factors of -2 - (-3 - (-10)/w*193)?
3, 43
Let g be (16/8)/((-2)/297). Let u = 419 + g. Suppose -3*v = -2*x + u, -5*v = 3*x - 4*x + 68. What are the prime factors of x?
2, 29
Let f(h) = 4*h**2 + 20*h + 8. Let s be f(-7). Let i = 241 - s. List the prime factors of i + 5 + -1 + -9.
2, 43
Suppose 2*u = 2*j + 6, -3*u + 0*u - 5*j + 33 = 0. Let p(t) = t**2 - 5*t - 4. Let n be p(u). Suppose -2*r + 2*x = n*r - 824, 2 = -x. List the prime factors of r.
5, 41
Let d(o) = 4*o - 10. Let u be d(3). Suppose 106 = 6*t - 128. Suppose -n = u*y - 43, 2*y - n = -6*n + t. What are the prime factors of y?
2, 11
What are the prime factors of ((-388)/10)/((-842)/275755)?
97, 131
Let r(l) = -l**2 + 13*l - 12. Let s be r(12). Suppose 15 = 5*a, 3*m + s*a = a - 177. Let o = m - -63. What are the prime factors of o?
5
Suppose n + 74 = 2*n. Let j(u) = 102*u - 135. Let b be j(3). Let k = b - n. What are the prime factors of k?
97
Suppose 0 = -b + 23 + 236. Suppose -b*n - 3328 = -263*n. What are the prime factors of n?
2, 13
Suppose 0 = -2*k + 3*h + 2855, 4*k - h - 7092 = -k. List the prime factors of k.
13, 109
Let x(s) = -13 - 4*s - 3*s**2 - 11*s + 21*s. Let u be x(4). Let n = 79 + u. List the prime factors of n.
2, 3, 7
Let x = -2023 - -7368. List the prime factors of x.
5, 1069
Let v(c) = 49*c + 17549. What are the prime factors of v(0)?
7, 23, 109
Let c = 13199 - 8651. What are the prime factors of c?
2, 3, 379
Suppose 58*i = 19*i + 3276. List the prime factors of -27*4/(i/(-329)).
3, 47
Let h(o) = 274*o + o**3 - 3*o**2 + 2*o**2 - 63*o**3 - 1 + 0*o**2 - 275*o. What are the prime factors of h(-1)?
61
Let d = 31583 + -19503. What are the prime factors of d?
2, 5, 151
Let x(f) = 271*f + 18. Let j be x(7). Suppose -5832 = -j*v + 1907*v. List the prime factors of v.
3
Suppose -20*t + 82983 = 3*y - 18*t, y = 2*t + 27677. What are the prime factors of y?
5, 11, 503
Let m(i) = -13 - 4 - 11 - 3*i + 24. Let p be m(-5). Suppose p*a = 5*a + 444. List the prime factors of a.
2, 37
Suppose 54397 = 49*f - 113771. List the prime factors of f.
2, 3, 11, 13
Let r(m) = 14537*m**3 + 67*m - 65. What are the prime factors of r(1)?
7, 31, 67
Let z(w) = 3*w**3 + w**2 + w + 2. Let s be z(4). Let m be ((-82)/5)/(4/20). Let v = s + m. What are the prime factors of v?
2, 3, 11
Let m(i) = -i**3 - 10*i**2 + i + 10. Let z be m(-10). Suppose z = -34*g + 32*g + 18. Let j(y) = 10*y + 22. List the prime factors of j(g).
2, 7
Suppose -9*i = 2*i - 18062. Suppose 5*z - 578 = i. What are the prime factors of z?
2, 3, 37
Let t be ((-1)/2 + (-30942)/(-36))*-1. Let w = 1482 + t. List the prime factors of w.
7, 89
Let a = -1253 + 8564. List the prime factors of a.
3, 2437
Let j(r) = -76*r**3 + r**2 + r. Let t(i) = i**3 - 13*i**2 + 13*i + 4. Let q be t(12). Suppose 0 = -m + 15 - q. List the prime factors of j(m).
2, 19
Let h(q) = q**3 + 18*q**2 - q - 28. Let f(x) = x**2 - 17*x + 48. Let i be f(11). Let k be h(i). List the prime factors of k + 10 + 16/2.
2
Let l(w) = 300*w**3 + 6*w**2 + 18*w - 223. What are the prime factors of l(6)?
64901
Let s(q) = q. Let z be s(1). Let r be (z + -33)*(-12)/24. Suppose -79 - r = -o. List the prime factors of o.
5, 19
Let c = 1226 - 286. Suppose 40*j = 36*j + c. Suppose -5*t - 400 = -5*q, 0 = 3*q + 4*t - 5 - j. What are the prime factors of q?
2, 5
Suppose c = -6, -69*w + 68*w + 4*c = -515. What are the prime factors of w?
491
Let a(k) = -52*k**2 - k - 1. Let r be a(-1). Suppose 3*x + 4*u + 293 = 0, 7*u - 12*u = 3*x + 289. Let o = r - x. List the prime factors of o.
3, 17
Let f(r) = -r**3 - 12*r**2 - 9*r + 27. Let p be f(-11). Suppose -6 = p*l - 16. List the prime factors of (-8743)/(-42) + l/(-12).
2, 13
Let y be ((-3 - -3)/4)/(-6 + 7). Suppose y*r + r + 5 = 0, -3*p = -3*r - 1002. What are the prime factors of p?
7, 47
Let x be (-73358)/(-8) + ((-14)/56)/(-1). Suppose -10432 - x = -18*v. List the prime factors of v.
3, 11
Let u(k) = k**2 + 5*k - 12. Let y be (-4 + 16)/(-3) + -4. Let g be u(y). Let j(m) = m**2 - 11*m - 9. What are the prime factors of j(g)?
3
Suppose -4 = s, s = -5*c + 4*c + 68. Let u = c + -196. Let y = -63 - u. What are the prime factors of y?
61
Let c be 11 + (-2 - 20/4). Suppose -5*y - 204 = -7*y + c*j, 2*j = 5*y - 550. What are the prime factors of y?
2, 7
Suppose -63 = -m - 21. Let k be (m/4)/(6/(-8)). List the prime factors of 8/k - 8880/(-105).
2, 3, 7
Let h = 4743 - -2117. What are the prime factors of h?
2, 5, 7
Suppose -68*h = -66*h. Suppose -3*i + h*i - 1408 = -4*d, 5*d = -2*i + 1760. Suppose -7*q + d = q. List the prime factors of q.
2, 11
Let u(s) = s**2 + s - 41. Let l be u(-7). What are the prime factors of (6 - 5)/(-1)*l*-641?
641
Let z(b) = -2*b**2 + 3*b - 1. Let f be z(3). Let i be ((0 - 0)*-1)/(f/(-5)). Let m = i - -30. List the prime factors of m.
2, 3, 5
Suppose -2*t + 7*t = 3*t. Suppose t = 5*g + 194 - 2324. Suppose 3*k = -j + 426, j + 0*j = 3*k - g. List the prime factors of k.
2, 71
Let h be 7807/259 - 2*(-2)/(-28). Suppose 3*d + 43 = f, 2*f + f = 4*d + 144. Let r = h + f. List the prime factors of r.
2, 41
Let u = 14820 + -4754. List the prime factors of u.
2, 7, 719
Let a = 1857 - 303. Suppose p - 2*g + 158 = 539, -4*p + a = -2*g. List the prime factors of p.
17, 23
Suppose -5*u = t - 38236, 19*t = 23*t + u - 152830. What are the prime factors of t?
2, 7, 2729
Let v = -19 + 29. Suppose 0 = -0*b - b + 2*l - 322, -2*l - v = 0. Let o = 609 + b. List the prime factors of o.
277
Let a(b) = -b**3 + 68*b**2 - 25*b - 820. What are the prime factors of a(63)?
2, 5, 349
Suppose -21 - 7 = -g. Let m = g - 24. Suppose 36 = m*y - 0. What are the prime factors of y?
3
Let o = 1680 - 1028. Suppose -649*f = -o*f + 792. What are the prime factors of f?
2, 3, 11
List the prime factors 